What is the remainder when 1090563 is divided by 373?
284
Calculate the remainder when 262994 is divided by 2658.
2510
Calculate the remainder when 39717 is divided by 1469.
54
Calculate the remainder when 2069170 is divided by 192.
178
Calculate the remainder when 675226 is divided by 168556.
1002
What is the remainder when 800675 is divided by 115?
45
What is the remainder when 59515060 is divided by 55?
0
What is the remainder when 91208 is divided by 17729?
2563
What is the remainder when 7869066 is divided by 689?
686
What is the remainder when 237705909 is divided by 51?
9
What is the remainder when 9472139 is divided by 48327?
47
Calculate the remainder when 21203265 is divided by 83.
2
Calculate the remainder when 837572 is divided by 380.
52
What is the remainder when 24944 is divided by 24936?
8
What is the remainder when 25674899 is divided by 3450?
3449
What is the remainder when 6271232 is divided by 2090390?
62
Calculate the remainder when 792317 is divided by 4831.
33
Calculate the remainder when 5596252 is divided by 56.
4
What is the remainder when 1168865 is divided by 118?
75
What is the remainder when 332151 is divided by 332149?
2
What is the remainder when 2188357 is divided by 1016?
909
What is the remainder when 101461268 is divided by 9?
2
What is the remainder when 4245966 is divided by 7678?
32
What is the remainder when 6808779 is divided by 110?
109
Calculate the remainder when 60430272 is divided by 64.
0
Calculate the remainder when 75087944 is divided by 1515.
1514
What is the remainder when 143225 is divided by 631?
619
What is the remainder when 125678 is divided by 3065?
13
Calculate the remainder when 2512325 is divided by 2202.
2045
What is the remainder when 4731732 is divided by 1182931?
8
Calculate the remainder when 228681 is divided by 1343.
371
What is the remainder when 4830575 is divided by 12?
11
What is the remainder when 108131 is divided by 26?
23
Calculate the remainder when 5658540 is divided by 536.
524
Calculate the remainder when 465933 is divided by 4087.
15
Calculate the remainder when 262232 is divided by 131098.
36
Calculate the remainder when 57052503 is divided by 3036.
3027
Calculate the remainder when 36944 is divided by 36750.
194
Calculate the remainder when 6633945 is divided by 10367.
9432
What is the remainder when 17407405 is divided by 17407350?
55
Calculate the remainder when 46658629 is divided by 17135.
24
What is the remainder when 5351062 is divided by 71?
5
Calculate the remainder when 2904869 is divided by 156.
149
Calculate the remainder when 43763997 is divided by 1680.
1677
Calculate the remainder when 3658886 is divided by 29747.
5
What is the remainder when 2606825 is divided by 473?
122
What is the remainder when 116876 is divided by 7736?
836
What is the remainder when 100378 is divided by 517?
80
Calculate the remainder when 8902111 is divided by 374.
163
Calculate the remainder when 532544206 is divided by 822.
820
What is the remainder when 20077527 is divided by 2509686?
39
Calculate the remainder when 30932 is divided by 2016.
692
What is the remainder when 2177104 is divided by 1088545?
14
Calculate the remainder when 102168174 is divided by 34.
10
Calculate the remainder when 28270 is divided by 27905.
365
What is the remainder when 42137 is divided by 2871?
1943
Calculate the remainder when 14897925 is divided by 11749.
193
Calculate the remainder when 609679 is divided by 29032.
7
Calculate the remainder when 1212495 is divided by 53.
14
What is the remainder when 13541355 is divided by 4715?
4590
Calculate the remainder when 25383139 is divided by 217.
215
Calculate the remainder when 2290293 is divided by 25168.
5
What is the remainder when 1034121 is divided by 2150?
2121
What is the remainder when 15154473 is divided by 15154463?
10
Calculate the remainder when 4304948 is divided by 8185.
7823
What is the remainder when 12594 is divided by 11997?
597
Calculate the remainder when 46002479 is divided by 120.
119
Calculate the remainder when 155480 is divided by 1993.
26
Calculate the remainder when 2132001 is divided by 2593.
555
Calculate the remainder when 3863746 is divided by 2936.
2906
What is the remainder when 3557950 is divided by 54?
52
Calculate the remainder when 2935758 is divided by 2260.
18
What is the remainder when 30708111 is divided by 13709?
13660
What is the remainder when 6940158 is divided by 26?
4
What is the remainder when 117819087 is divided by 9?
6
Calculate the remainder when 990264 is divided by 5419.
4006
What is the remainder when 827768583 is divided by 857?
853
Calculate the remainder when 427162 is divided by 5610.
802
Calculate the remainder when 6221332 is divided by 1684.
636
Calculate the remainder when 1476265 is divided by 12.
1
What is the remainder when 15034448 is divided by 277?
273
What is the remainder when 39187 is divided by 15566?
8055
What is the remainder when 39594365 is divided by 32?
29
Calculate the remainder when 74220869 is divided by 4929.
4916
What is the remainder when 953544 is divided by 843?
111
What is the remainder when 2066392 is divided by 81?
1
What is the remainder when 3215805 is divided by 96?
93
Calculate the remainder when 1095751 is divided by 436.
83
What is the remainder when 629515 is divided by 207?
28
What is the remainder when 3520754 is divided by 6507?
467
What is the remainder when 7388805 is divided by 721?
718
What is the remainder when 33259216 is divided by 95?
1
What is the remainder when 395645 is divided by 448?
61
What is the remainder when 972785 is divided by 608?
593
What is the remainder when 31195229 is divided by 9?
5
What is the remainder when 231259 is divided by 637?
28
What is the remainder when 62277028 is divided by 11?
0
What is the remainder when 13743 is divided by 4460?
363
Calculate the remainder when 2611542 is divided by 20.
2
What is the remainder when 20467386 is divided by 3255?
3201
Calculate the remainder when 2951032 is divided by 156.
136
Calculate the remainder when 29301251 is divided by 245.
231
Calculate the remainder when 18964099 is divided by 104.
11
What is the remainder when 57064940 is divided by 28532454?
32
Calculate the remainder when 67602 is divided by 3964.
214
What is the remainder when 224248 is divided by 25?
23
What is the remainder when 1065679 is divided by 2768?
2767
Calculate the remainder when 14512248 is divided by 2280.
48
Calculate the remainder when 901794 is divided by 829.
671
What is the remainder when 317328 is divided by 2938?
24
Calculate the remainder when 115057 is divided by 95.
12
What is the remainder when 12237385 is divided by 652?
649
Calculate the remainder when 117041674 is divided by 2518.
2516
Calculate the remainder when 923604 is divided by 7648.
5844
What is the remainder when 8619836 is divided by 99078?
50
What is the remainder when 122256 is divided by 159?
144
What is the remainder when 2659066 is divided by 2349?
2347
Calculate the remainder when 238475 is divided by 26428.
623
What is the remainder when 187266808 is divided by 62422269?
1
What is the remainder when 173135 is divided by 172926?
209
What is the remainder when 2127422 is divided by 40?
22
What is the remainder when 1372319 is divided by 30?
29
Calculate the remainder when 899560 is divided by 149599.
1966
Calculate the remainder when 62443952 is divided by 6984.
8
Calculate the remainder when 14682407 is divided by 1285.
1282
Calculate the remainder when 21773634 is divided by 5.
4
What is the remainder when 3720577 is divided by 10847?
56
What is the remainder when 1219984 is divided by 304978?
72
What is the remainder when 118325 is divided by 154?
53
What is the remainder when 252664 is divided by 14572?
4940
Calculate the remainder when 5598610 is divided by 2132.
2110
Calculate the remainder when 195756 is divided by 349.
316
What is the remainder when 2223327 is divided by 2222934?
393
What is the remainder when 992668 is divided by 731?
701
What is the remainder when 1627996 is divided by 2221?
3
What is the remainder when 5431258 is divided by 144?
10
What is the remainder when 29969078 is divided by 1427096?
62
Calculate the remainder when 26119 is divided by 3070.
1559
Calculate the remainder when 10682